 36. Let s be c(w). Let y = s + -211. Is y composite?
True
Let p = -3097 - -4516. Let q(a) = 397*a + 6. Let j be q(-2). Let k = j + p. Is k a composite number?
False
Is (107392/288)/(1 - (-28)/(-36)) a composite number?
True
Let x = 38316 + -16435. Is x composite?
False
Let a = 5901 - -2308. Is a a composite number?
False
Let h(g) = -4*g + 6*g**2 + 8 - 3 - 14 - 9. Is h(8) a composite number?
True
Is 13303*(-8 + 18 - 9) a prime number?
False
Suppose 3*z + 16 = -14. Let o = 9 + z. Let w = o - -15. Is w prime?
False
Let o(h) = 12 + 8*h - 16*h + 9*h. Let i be o(-12). Suppose i = 3*b + 2*b - 725. Is b a prime number?
False
Let m be 36/21 - 4/(-14). Let b(s) = s**3 - 11*s**2 + 10*s - 13. Let n be b(12). Suppose -n + 633 = m*g. Is g prime?
True
Is 1*((6959 - -2) + -1*2) a prime number?
True
Let l(x) = x**2 - 3*x - 4. Let a be l(-7). Is 10521/33 + 12/a composite?
True
Let r = 110 - 116. Is (-32)/24 + ((-10526)/r)/1 prime?
True
Suppose -3*g - 2 + 47 = 0. Suppose 0 = -o + 6*o - g. Suppose 169 = o*s - 158. Is s a prime number?
True
Suppose 11349 = 3*m - 3*l, l = -2*m + 3286 + 4292. Suppose 3773 = 3*w + 5*j, 3*w + 0*w = 2*j + m. Is w prime?
False
Let b = -390 + 216. Let a = b + 301. Is a a prime number?
True
Is (-31)/62*(1 + -16115) prime?
False
Is ((-131629)/118)/(1/(2/(-1))) a prime number?
False
Suppose -646*b + 126861 = 4*i - 645*b, -2*i + 63435 = 5*b. Is i composite?
True
Let c = -6844 + 18127. Is c a prime number?
False
Suppose -3*j = 4*h + 71626, 3*h - 77299 = 3*j - 5701. Is ((-2)/(-4) - j/28)*1 prime?
True
Let t(d) be the first derivative of -d**4/2 - 20*d**3/3 + 11*d**2/2 - d + 17. Is t(-12) composite?
False
Is ((-1623)/(-9))/(10/30) composite?
False
Suppose 3*j - 2*u - 5 = 3, -3*u = -5*j + 13. Is (322/8)/(j/8) a composite number?
True
Let g = 5806 - 675. Is g a prime number?
False
Is (12201 - 110)*(3 + (0 - 2)) a prime number?
False
Suppose -3*p = -2*h + 21, 0 = -0*h + 3*h + 5*p - 60. Let z be (-13)/h + 14/(-105). Is 5 - 6 - 240/z composite?
False
Let p(m) = -m**2 + 8*m - 11. Let o be p(6). Is (-739 - 4)/(o/(-1)) a prime number?
True
Let x(s) = 86*s**2 - s - 4. Let a be x(2). Suppose 0 = -4*n + a + 266. Let k = 374 - n. Is k a composite number?
False
Let d(j) = 13*j - 5. Let x be d(8). Let f = x + -61. Suppose 0 = -2*z + 576 + f. Is z a composite number?
False
Suppose -45639 - 58700 = -5*r - 3*i, -104347 = -5*r + i. Is r prime?
False
Suppose 4*p - 3*p = 12. Suppose -4*k + p = -24. Suppose k*v - 70 = 4*v. Is v composite?
True
Let f(j) = -j + 8. Let o be f(6). Suppose 2*r - m = 5*r - 3509, -o = -m. Is r composite?
True
Suppose 35 = 2*y - 7*y. Let i(g) = -33*g + 4. Is i(y) prime?
False
Let h(z) = 99*z**2 - 3*z - 3. Let n be h(-3). Let g = -604 + n. Is g prime?
True
Let w(d) = -4*d**3 - 5*d**2 - 22*d - 4. Is w(-7) a prime number?
True
Let w(p) = -12*p**2 + 5*p - 6. Let y be w(4). Let l = y - -341. Is l composite?
False
Suppose -8*i = -51*i + 46741. Is i a prime number?
True
Let v be (4 + 480)*-1 - (-8)/2. Let j = 1067 + v. Is j prime?
True
Suppose -2*d - 5*h - 1701 = 0, 5*d = 2*d + 2*h - 2561. Let w = d - -1650. Is w a composite number?
False
Suppose x + 4*k = -9, -5*x - k - 14 - 12 = 0. Let a(v) = -v**3 - 8*v + 3*v**2 - 5 + 4*v**2 + 2*v**3. Is a(x) prime?
False
Let o(s) = -20*s + 14. Let n be o(12). Let f = n + 623. Is f composite?
False
Suppose 5*g = -4*m, -4*m = 4*g - 2*m. Suppose h + 2 - 7 = g, 4*h - 5039 = -3*l. Is l a composite number?
True
Let u be (2/(-6))/((-2)/6). Let m be (u - -9)/(14/7). Suppose -m*o - 579 + 2674 = 0. Is o a composite number?
False
Let b(w) = -5*w + 5. Let a(j) = -4*j + 4. Let k(y) = -4*a(y) + 3*b(y). Let s be k(5). Suppose -s*h + 529 = -3*p, 4*h + p - 820 + 287 = 0. Is h prime?
False
Suppose -7*d + 62 = 41. Let c = 1 - -2. Suppose 0 = -w + c*m + 211, -d*w - 3*m = -2*w - 199. Is w composite?
True
Suppose 182*r - 185*r + 4911 = 0. Is r prime?
True
Let w be 2/(-3) + 247052/39. Let m = w - 4450. Suppose 3*n - m = q - 5*q, -2*n = 5*q - 2355. Is q composite?
True
Suppose -7*h + 5*h = -t - 2, 2*t + 3*h - 17 = 0. Let x(v) = 301*v + 11. Let b be x(6). Suppose t*m - b = -645. Is m a composite number?
False
Is 1/1 + -968*(-6 - -1) composite?
True
Suppose -6*m = -2*m + 4. Let n be (2 - 8)*(5 + m). Let t = n - -77. Is t a composite number?
False
Suppose -5*s + 554 = -3*l, 0 = 4*s + 5*l - l - 424. Suppose 0 = -q + s + 18. Is q prime?
True
Suppose -4*c = 5*a - 245857 - 266871, 3*c - 4*a - 384515 = 0. Is c composite?
True
Let j(x) = 3*x + 4. Let t be j(-1). Let f be t/(4 - 24012/6004). Suppose 5*o + 3*s = f, 5*o + 0*o + s = 1497. Is o prime?
False
Let h(p) = 205*p**3 + 2*p**2 + p - 2. Let r(y) = -2*y + 19. Let t be r(9). Is h(t) composite?
True
Suppose -3*m - 5*x + 56 = 0, 16 = m + 5*x - 16. Let b(c) = -c**3 + 16*c**2 - 15*c - 16. Let s be b(m). Suppose -n - s = -5*n. Is n composite?
True
Let j(s) = -22*s**2 + 3 - 19*s**2 + 45*s**2 + 3*s. Is j(-7) composite?
True
Let k(p) = 395*p**2 - 4*p + 1. Let a be k(-3). Let b = -2407 + a. Is b/12 + 2/8 a prime number?
True
Let o(v) be the third derivative of -201*v**4/8 - 43*v**3/6 - 59*v**2. Is o(-8) a composite number?
True
Suppose 0 = -14*g + 18*g - 20. Suppose -2*z + 9559 = 3*c, -2*c + 6710 = g*z - 17193. Is z composite?
True
Let w = 4 - 2. Suppose s = 2*k - 9, -4*k + 21 = k - w*s. Is k/(-6)*1*-422 composite?
False
Let m be (-2)/(-4)*-2*14/(-7). Suppose -y = -b - 703, m*y + b = -b + 1386. Is y composite?
True
Suppose -2*u + 5*f + 5 - 12 = 0, 5*u = f + 17. Suppose -6 = 5*r - s, 0 = -2*r - u*s - s + 3. Let a(p) = -208*p**3 + p**2. Is a(r) composite?
True
Suppose c = 5*x - 0*x - 130, -4*x = -c - 129. Let i = 142 - c. Is i composite?
True
Let v(f) = 19*f**3 + 7*f**2 - 13*f + 97. Is v(7) a prime number?
False
Let i = 9 - -10. Suppose 5*f - 6 - i = 0. Suppose 0 = -f*t + 25, 3*s - 44 = -s - 4*t. Is s prime?
False
Suppose -976 = -4*j - 2*c + 306, -666 = -2*j + 4*c. Suppose 3*g = -j + 1328. Is g composite?
True
Let t = 35200 + -8609. Is t prime?
True
Suppose 28*o = 14*o - 448. Is 2/(-4) - 39024/o prime?
False
Let n = 5435 - -950. Suppose 0 = -5*h + 10*h - n. Is h a composite number?
False
Let m = 4978 - 2795. Is m a prime number?
False
Let n(x) = 10*x**2 - 3*x + 3. Let b be n(1). Is -3 + 1 + -2*(-1545)/b composite?
False
Let h = -4817 + 9394. Is h a composite number?
True
Suppose -v = 6 - 2, -3*l + 25 = -4*v. Let d(m) = -43*m - 6. Let b(z) = 1. Let h(w) = -2*b(w) - d(w). Is h(l) composite?
True
Let k = 258 - 44. Suppose -u - k - 204 = 0. Is 0 - 3/(-3) - u composite?
False
Let r(o) be the third derivative of -o**4/24 + o**3/3 + 5*o**2. Let z be r(-7). Suppose -l = 4*x - 249, 3*l - 4*x - 719 = -z*x. Is l a prime number?
True
Let l = -19074 + 37465. Is l a composite number?
True
Let j = 4562 + -1171. Is j composite?
False
Suppose 0 = -f + 2*r - 24, 2*r = -f - 3 - 33. Let k be (f/8)/(2/128). Let d = 407 + k. Is d a prime number?
True
Let a(i) = -543*i + 208. Is a(-5) prime?
False
Let f = -531 + 543. Let g(q) be the first derivative of -q**4/4 + 13*q**3/3 - 3*q**2/2 - 5*q - 1. Is g(f) a composite number?
False
Suppose -29*d + 405182 = -184185. Is d a composite number?
False
Let y = 18 - -554. Let r = -231 + y. Is r prime?
False
Suppose 5 = 5*s, 4*z - 4*s + 2*s = 18. Suppose 0 = z*m - 3*t - 8 - 14, -4*t - 8 = 4*m. Suppose m*j - 38 = 48. Is j prime?
True
Let x = 9163 - 5917. Suppose -o + x = 5*o. Is o a prime number?
True
Suppose 5*c + 81 = -99. Let m be 4/18 + 10353/189. Let k = c + m. Is k composite?
False
Is (-13 - 13)/(1/((-316)/8)) prime?
False
Let g(m) = 6*m**2 + 4*m + 17. Let t be g(-9). Let a = t + -273. Suppose z = -z + a. Is z prime?
True
Let z be ((-44)/33)/((-2)/6). Suppose 649 = z*v - 543. Is v prime?
False
Let u(v) be the second derivative of 11*v**3/6 - 49*v**2/2 - 6*v. Is u(16) prime?
True
Let d = 42829 - 6792. Is d a prime number?
True
Let i(g) = 30*g**2 + 35*g + 34. Is i(11) a prime number?
True
Suppose -7*b - 18029 = -44356. Is b composite?
False
Suppose 6*f - 32 = 16. Let x = f + 175. Is x composite?
True
Suppose -5*o - 453 = 3*q + 534, 3*q + 1005 = o. Let w(z) = 23*z**3 + 7*z**2 + 10*z + 3. Let l be w(-3). Let v = q - l. Is v a prime number?
True
Let n = 1063 + -489. Suppose -v + n - 7 = 0. Let a = v + -354. Is a a composite number?
True
Let s be (-16)/(-20) + 41/5. Let f = s + 40. 